{"id":5736,"date":"2024-07-15T09:13:53","date_gmt":"2024-07-15T09:13:53","guid":{"rendered":"https:\/\/new-muttertheresa-hwv.musaj.com\/?post_type=ecolar_team&#038;p=5736"},"modified":"2024-07-17T09:27:03","modified_gmt":"2024-07-17T09:27:03","slug":"saim-tahiraj","status":"publish","type":"ecolar_team","link":"https:\/\/mutterteresa-hwv.ch\/al\/team\/saim-tahiraj\/","title":{"rendered":"SAIM TAHIRAJ"},"content":{"rendered":"<div data-elementor-type=\"wp-post\" data-elementor-id=\"5736\" class=\"elementor elementor-5736\" data-elementor-post-type=\"ecolar_team\">\n\t\t\t\t\t\t<section class=\"elementor-section elementor-top-section elementor-element elementor-element-f66284f elementor-section-boxed elementor-section-height-default elementor-section-height-default\" data-id=\"f66284f\" data-element_type=\"section\">\n\t\t\t\t\t\t<div class=\"elementor-container elementor-column-gap-default\">\n\t\t\t\t\t<div class=\"elementor-column elementor-col-50 elementor-top-column elementor-element elementor-element-dad4f58\" data-id=\"dad4f58\" data-element_type=\"column\">\n\t\t\t<div class=\"elementor-widget-wrap elementor-element-populated\">\n\t\t\t\t\t\t<div class=\"elementor-element elementor-element-b4d55b3 elementor-widget elementor-widget-image\" data-id=\"b4d55b3\" data-element_type=\"widget\" data-widget_type=\"image.default\">\n\t\t\t\t<div class=\"elementor-widget-container\">\n\t\t\t\t\t\t\t\t\t\t\t\t\t\t\t<img fetchpriority=\"high\" decoding=\"async\" width=\"400\" height=\"380\" src=\"https:\/\/mutterteresa-hwv.ch\/wp-content\/uploads\/2021\/11\/saim-tahiraj-oy4k4hptfudo13cela5j0lbzqytzue9s0slxhg0fko.jpg\" class=\"attachment-large size-large wp-image-4838\" alt=\"\" srcset=\"https:\/\/mutterteresa-hwv.ch\/wp-content\/uploads\/2021\/11\/saim-tahiraj-oy4k4hptfudo13cela5j0lbzqytzue9s0slxhg0fko.jpg 400w, https:\/\/mutterteresa-hwv.ch\/wp-content\/uploads\/2021\/11\/saim-tahiraj-oy4k4hptfudo13cela5j0lbzqytzue9s0slxhg0fko-300x285.jpg 300w\" sizes=\"(max-width: 400px) 100vw, 400px\" \/>\t\t\t\t\t\t\t\t\t\t\t\t\t\t\t<\/div>\n\t\t\t\t<\/div>\n\t\t\t\t\t<\/div>\n\t\t<\/div>\n\t\t\t\t<div class=\"elementor-column elementor-col-50 elementor-top-column elementor-element elementor-element-4f24084\" data-id=\"4f24084\" data-element_type=\"column\">\n\t\t\t<div class=\"elementor-widget-wrap elementor-element-populated\">\n\t\t\t\t\t\t<div class=\"elementor-element elementor-element-f109241 elementor-widget elementor-widget-ecolar_team_title\" data-id=\"f109241\" data-element_type=\"widget\" data-widget_type=\"ecolar_team_title.default\">\n\t\t\t\t<div class=\"elementor-widget-container\">\n\t\t\t\t\t        <div class=\"ecolar-team-title-wrapper\">\r\n            <div class=\"ecolar-team-title-inner\">\r\n                <h2 class=\"team-title\">SAIM TAHIRAJ<\/h2>\r\n                <h4 class=\"team-stitle\">AN\u00cbTAR I KRYESIS\u00cb<\/h4>            <\/div>\r\n        <\/div>\r\n        \t\t\t\t<\/div>\n\t\t\t\t<\/div>\n\t\t\t\t<div class=\"elementor-element elementor-element-462593f elementor-widget elementor-widget-text-editor\" data-id=\"462593f\" data-element_type=\"widget\" data-widget_type=\"text-editor.default\">\n\t\t\t\t<div class=\"elementor-widget-container\">\n\t\t\t\t\t\t\t\t\t<p class=\"p1\" style=\"margin: 0cm;\"><span class=\"s1\"><span style=\"font-size: 13.0pt; font-family: 'UICTFontTextStyleBody',serif;\">Die T\u00e4tigkeit von Mutter Teresa zeigte, dass die Macht der Liebe und Wohlt\u00e4tigkeit sogar die Weltm\u00e4chte bezwang. Mutter Teresa war und bleibt meine Inspiration, die mich auf meinem Lebensweg leitet. Wir sind in dieser Welt nicht nur f\u00fcr uns selbst, sondern auch f\u00fcr andere. Genau aus dieser Inspiration engagiere ich mich im Verein Mutter Teresa, um meinen bescheidenen Beitrag zur Wohlt\u00e4tigkeit zu leisten. Mit einem Herzen f\u00fcr diejenigen, die ihre Augen hoffnungsvoll auf uns richten.<\/span><\/span><\/p>\t\t\t\t\t\t\t\t<\/div>\n\t\t\t\t<\/div>\n\t\t\t\t<div class=\"elementor-element elementor-element-236dd69 elementor-widget elementor-widget-text-editor\" data-id=\"236dd69\" data-element_type=\"widget\" data-widget_type=\"text-editor.default\">\n\t\t\t\t<div class=\"elementor-widget-container\">\n\t\t\t\t\t\t\t\t\t<p>\u00a0<\/p><p><strong> Email: <span style=\"color: #ff0000;\"><a style=\"color: #ff0000;\" href=\"mailto:s.tahiraj@mutterteresa-hwv.ch\">s.tahiraj@mutterteresa-hwv.ch<\/a><\/span><\/strong><\/p>\t\t\t\t\t\t\t\t<\/div>\n\t\t\t\t<\/div>\n\t\t\t\t\t<\/div>\n\t\t<\/div>\n\t\t\t\t\t<\/div>\n\t\t<\/section>\n\t\t\t\t<\/div>","protected":false},"excerpt":{"rendered":"<p>SAIM TAHIRAJ MITGLIED DES VORSTANDS Die T\u00e4tigkeit von Mutter Teresa zeigte, dass die Macht der Liebe und Wohlt\u00e4tigkeit sogar die Weltm\u00e4chte bezwang. Mutter Teresa war und bleibt meine Inspiration, die mich auf meinem Lebensweg leitet. Wir sind in dieser Welt nicht nur f\u00fcr uns selbst, sondern auch f\u00fcr andere. Genau aus dieser Inspiration engagiere ich [&hellip;]<\/p>","protected":false},"featured_media":4838,"menu_order":0,"template":"elementor_header_footer","class_list":["post-5736","ecolar_team","type-ecolar_team","status-publish","has-post-thumbnail","hentry"],"_links":{"self":[{"href":"https:\/\/mutterteresa-hwv.ch\/al\/wp-json\/wp\/v2\/ecolar_team\/5736","targetHints":{"allow":["GET"]}}],"collection":[{"href":"https:\/\/mutterteresa-hwv.ch\/al\/wp-json\/wp\/v2\/ecolar_team"}],"about":[{"href":"https:\/\/mutterteresa-hwv.ch\/al\/wp-json\/wp\/v2\/types\/ecolar_team"}],"version-history":[{"count":7,"href":"https:\/\/mutterteresa-hwv.ch\/al\/wp-json\/wp\/v2\/ecolar_team\/5736\/revisions"}],"predecessor-version":[{"id":5979,"href":"https:\/\/mutterteresa-hwv.ch\/al\/wp-json\/wp\/v2\/ecolar_team\/5736\/revisions\/5979"}],"wp:featuredmedia":[{"embeddable":true,"href":"https:\/\/mutterteresa-hwv.ch\/al\/wp-json\/wp\/v2\/media\/4838"}],"wp:attachment":[{"href":"https:\/\/mutterteresa-hwv.ch\/al\/wp-json\/wp\/v2\/media?parent=5736"}],"curies":[{"name":"wp","href":"https:\/\/api.w.org\/{rel}","templated":true}]}}

<div data-elementor-type="wp-post" data-elementor-id="5736" class="elementor elementor-5736" data-elementor-post-type="ecolar_team">
						<section class="elementor-section elementor-top-section elementor-element elementor-element-f66284f elementor-section-boxed elementor-section-height-default elementor-section-height-default" data-id="f66284f" data-element_type="section">
						<div class="elementor-container elementor-column-gap-default">
					<div class="elementor-column elementor-col-50 elementor-top-column elementor-element elementor-element-dad4f58" data-id="dad4f58" data-element_type="column">
			<div class="elementor-widget-wrap elementor-element-populated">
						<div class="elementor-element elementor-element-b4d55b3 elementor-widget elementor-widget-image" data-id="b4d55b3" data-element_type="widget" data-widget_type="image.default">
				<div class="elementor-widget-container">
															<img fetchpriority="high" decoding="async" width="400" height="380" src="https://mutterteresa-hwv.ch/wp-content/uploads/2021/11/saim-tahiraj-oy4k4hptfudo13cela5j0lbzqytzue9s0slxhg0fko.jpg" class="attachment-large size-large wp-image-4838" alt="" srcset="https://mutterteresa-hwv.ch/wp-content/uploads/2021/11/saim-tahiraj-oy4k4hptfudo13cela5j0lbzqytzue9s0slxhg0fko.jpg 400w, https://mutterteresa-hwv.ch/wp-content/uploads/2021/11/saim-tahiraj-oy4k4hptfudo13cela5j0lbzqytzue9s0slxhg0fko-300x285.jpg 300w" sizes="(max-width: 400px) 100vw, 400px" />															</div>
				</div>
					</div>
		</div>
				<div class="elementor-column elementor-col-50 elementor-top-column elementor-element elementor-element-4f24084" data-id="4f24084" data-element_type="column">
			<div class="elementor-widget-wrap elementor-element-populated">
						<div class="elementor-element elementor-element-f109241 elementor-widget elementor-widget-ecolar_team_title" data-id="f109241" data-element_type="widget" data-widget_type="ecolar_team_title.default">
				<div class="elementor-widget-container">
					        <div class="ecolar-team-title-wrapper">
            <div class="ecolar-team-title-inner">
                <h2 class="team-title">SAIM TAHIRAJ</h2>
                <h4 class="team-stitle">ANËTAR I KRYESISË</h4>            </div>
        </div>
        				</div>
				</div>
				<div class="elementor-element elementor-element-462593f elementor-widget elementor-widget-text-editor" data-id="462593f" data-element_type="widget" data-widget_type="text-editor.default">
				<div class="elementor-widget-container">
									<p class="p1" style="margin: 0cm;"><span class="s1"><span style="font-size: 13.0pt; font-family: 'UICTFontTextStyleBody',serif;">Die Tätigkeit von Mutter Teresa zeigte, dass die Macht der Liebe und Wohltätigkeit sogar die Weltmächte bezwang. Mutter Teresa war und bleibt meine Inspiration, die mich auf meinem Lebensweg leitet. Wir sind in dieser Welt nicht nur für uns selbst, sondern auch für andere. Genau aus dieser Inspiration engagiere ich mich im Verein Mutter Teresa, um meinen bescheidenen Beitrag zur Wohltätigkeit zu leisten. Mit einem Herzen für diejenigen, die ihre Augen hoffnungsvoll auf uns richten.</span></span></p>								</div>
				</div>
				<div class="elementor-element elementor-element-236dd69 elementor-widget elementor-widget-text-editor" data-id="236dd69" data-element_type="widget" data-widget_type="text-editor.default">
				<div class="elementor-widget-container">
									<p> </p><p><strong> Email: <span style="color: #ff0000;"><a style="color: #ff0000;" href="mailto:s.tahiraj@mutterteresa-hwv.ch">s.tahiraj@mutterteresa-hwv.ch</a></span></strong></p>								</div>
				</div>
					</div>
		</div>
					</div>
		</section>
				</div>

<p>SAIM TAHIRAJ MITGLIED DES VORSTANDS Die Tätigkeit von Mutter Teresa zeigte, dass die Macht der Liebe und Wohltätigkeit sogar die Weltmächte bezwang. Mutter Teresa war und bleibt meine Inspiration, die mich auf meinem Lebensweg leitet. Wir sind in dieser Welt nicht nur für uns selbst, sondern auch für andere. Genau aus dieser Inspiration engagiere ich [&hellip;]</p>
